 remainder when 3864962 is divided by 42?
38
What is the remainder when 6281094 is divided by 7?
1
What is the remainder when 73145 is divided by 494?
33
What is the remainder when 23552 is divided by 1975?
1827
Calculate the remainder when 140169625 is divided by 6936.
1
Calculate the remainder when 21126394 is divided by 5281569.
118
Calculate the remainder when 13436463 is divided by 1169.
1146
What is the remainder when 44390 is divided by 4767?
1487
Calculate the remainder when 2816062 is divided by 32368.
46
Calculate the remainder when 71952865 is divided by 513.
511
Calculate the remainder when 242830 is divided by 18.
10
What is the remainder when 25852166 is divided by 2453?
2452
What is the remainder when 3373772 is divided by 12?
8
What is the remainder when 219746 is divided by 12201?
128
Calculate the remainder when 14988884 is divided by 195.
14
Calculate the remainder when 2892712 is divided by 20.
12
What is the remainder when 8396881 is divided by 940?
801
Calculate the remainder when 72995 is divided by 655.
290
What is the remainder when 41617 is divided by 12592?
3841
What is the remainder when 1359104 is divided by 3963?
3758
What is the remainder when 329813043 is divided by 4710?
3
What is the remainder when 205035 is divided by 7782?
2703
What is the remainder when 2430859 is divided by 22716?
247
What is the remainder when 2959259 is divided by 3277?
128
What is the remainder when 71431662 is divided by 71218?
8
What is the remainder when 138196 is divided by 6662?
4956
What is the remainder when 50704228 is divided by 616?
36
Calculate the remainder when 33690 is divided by 15916.
1858
What is the remainder when 126540 is divided by 21?
15
What is the remainder when 220515042 is divided by 1805?
1802
Calculate the remainder when 1463454 is divided by 121949.
66
What is the remainder when 895769 is divided by 177?
149
Calculate the remainder when 171925783 is divided by 3735.
3733
What is the remainder when 4967 is divided by 2483?
1
What is the remainder when 77997424 is divided by 11?
10
What is the remainder when 11346064 is divided by 43?
41
What is the remainder when 6911 is divided by 298?
57
What is the remainder when 9283429 is divided by 4641707?
15
Calculate the remainder when 1400705 is divided by 2533.
2489
What is the remainder when 84865 is divided by 27479?
2428
What is the remainder when 8457051 is divided by 234?
57
What is the remainder when 2499674 is divided by 1083?
110
Calculate the remainder when 15354283 is divided by 2559047.
1
Calculate the remainder when 8987285 is divided by 4493611.
63
What is the remainder when 8306248 is divided by 307633?
157
What is the remainder when 7167962 is divided by 507?
503
Calculate the remainder when 790190 is divided by 1667.
32
Calculate the remainder when 525490 is divided by 30871.
683
What is the remainder when 9751341 is divided by 582?
513
What is the remainder when 33298 is divided by 10830?
808
What is the remainder when 1968537 is divided by 82016?
153
Calculate the remainder when 206726 is divided by 1498.
2
What is the remainder when 31805 is divided by 372?
185
What is the remainder when 2230822 is divided by 202780?
242
What is the remainder when 242154 is divided by 20063?
1398
What is the remainder when 22128712 is divided by 371?
46
What is the remainder when 31556 is divided by 15250?
1056
What is the remainder when 49765 is divided by 1661?
1596
What is the remainder when 67652 is divided by 2706?
2
What is the remainder when 61752 is divided by 2652?
756
What is the remainder when 196283 is divided by 7851?
8
What is the remainder when 7122633 is divided by 59?
35
Calculate the remainder when 383874 is divided by 280.
274
Calculate the remainder when 3250839 is divided by 1463.
53
What is the remainder when 18582109 is divided by 3097010?
49
Calculate the remainder when 32308943 is divided by 241.
1
Calculate the remainder when 18249 is divided by 58.
37
What is the remainder when 6091534 is divided by 44?
42
What is the remainder when 3513 is divided by 769?
437
What is the remainder when 14793074 is divided by 495?
494
Calculate the remainder when 423909064 is divided by 1526.
1524
Calculate the remainder when 1327063 is divided by 724.
695
Calculate the remainder when 66803217 is divided by 9543315.
12
Calculate the remainder when 19100012 is divided by 2387501.
4
What is the remainder when 473821 is divided by 98?
89
What is the remainder when 76310797 is divided by 6711?
16
Calculate the remainder when 225980968 is divided by 34.
2
What is the remainder when 5348301 is divided by 52?
49
What is the remainder when 5359261 is divided by 25642?
83
Calculate the remainder when 12886363 is divided by 768.
91
Calculate the remainder when 2731826 is divided by 910607.
5
Calculate the remainder when 370203 is divided by 123113.
864
Calculate the remainder when 150663 is divided by 11.
7
Calculate the remainder when 1593866 is divided by 61302.
14
Calculate the remainder when 2144628 is divided by 32.
20
Calculate the remainder when 243496 is divided by 224.
8
What is the remainder when 344307 is divided by 33?
18
What is the remainder when 6474261 is divided by 208845?
66
What is the remainder when 599223 is divided by 3415?
1598
Calculate the remainder when 1503445 is divided by 300688.
5
What is the remainder when 45934397 is divided by 1600?
1597
Calculate the remainder when 50655945 is divided by 1721.
31
What is the remainder when 3195689 is divided by 15513?
11
What is the remainder when 187248 is divided by 3540?
3168
Calculate the remainder when 148453 is divided by 1258.
9
Calculate the remainder when 208155 is divided by 69381.
12
Calculate the remainder when 16453411 is divided by 55.
51
Calculate the remainder when 14973624 is divided by 58037.
78
Calculate the remainder when 216914 is divided by 2703.
674
Calculate the remainder when 8872357 is divided by 806574.
43
What is the remainder when 5346346 is divided by 2673168?
10
Calculate the remainder when 15475 is divided by 394.
109
What is the remainder when 15382271 is divided by 128?
127
What is the remainder when 47184 is divided by 9268?
844
What is the remainder when 2066225 is divided by 1372?
1365
What is the remainder when 17664411 is divided by 29889?
12
Calculate the remainder when 622677 is divided by 23.
21
What is the remainder when 1251980 is divided by 250371?
125
What is the remainder when 1131467 is divided by 10286?
7
What is the remainder when 92727 is divided by 29260?
4947
What is the remainder when 57520 is divided by 57094?
426
What is the remainder when 1048758 is divided by 3103?
3047
What is the remainder when 468827 is divided by 46407?
4757
What is the remainder when 188086 is divided by 5364?
346
What is the remainder when 9600767 is divided by 181?
165
What is the remainder when 1190924 is divided by 1184?
1004
What is the remainder when 542663781 is divided by 3783?
3780
Calculate the remainder when 16523529 is divided by 6343.
14
What is the remainder when 224552 is divided by 2472?
2072
Calculate the remainder when 965624 is divided by 16951.
16368
What is the remainder when 64110164 is divided by 21?
20
What is the remainder when 532165 is divided by 2075?
965
Calculate the remainder when 9848327 is divided by 142726.
233
Calculate the remainder when 144287 is divided by 670.
237
What is the remainder when 13413507 is divided by 15?
12
Calculate the remainder when 1679340 is divided by 419835.
0
Calculate the remainder when 1918912 is divided by 533.
112
Calculate the remainder when 106643157 is divided by 257.
236
Calculate the remainder when 3678600 is divided by 613098.
12
What is the remainder when 4746204 is divided by 1582042?
78
What is the remainder when 1039989 is divided by 1039982?
7
Calculate the remainder when 2344426 is divided by 37.
32
What is the remainder when 23611202 is divided by 103?
100
Calculate the remainder when 483555 is divided by 483390.
165
What is the remainder when 139782 is divided by 605?
27
Calculate the remainder when 1678315 is divided by 1547.
1367
Calculate the remainder when 1675732 is divided by 22645.
2
Calculate the remainder when 9474845 is divided by 32.
29
Calculate the remainder when 128239678 